 Calculate the greatest common factor of 57 and k.
3
Let f = 3413 - 3368. Suppose -5*a + p + 402 = -1400, -4*a = 3*p - 1434. What is the highest common divisor of a and f?
45
Let j be 210/49 + 4/(-14). Suppose 12 = -j*s + 8*s. Let i be 114/3 - 1 - s. Calculate the greatest common factor of 238 and i.
34
Let y = -1785 - -1967. Calculate the highest common factor of y and 78.
26
Let q = 123 - 73. Suppose -4*y - 2*n - 106 = 0, -30*n - 3 = -31*n. Let s = y + q. What is the highest common factor of 55 and s?
11
Let w be (0 + 124/12)*12. Calculate the highest common factor of w and 310.
62
Let d = -25 - -43. Let u be 6/(d/12*4/18). What is the highest common factor of 36 and u?
18
Suppose -15*m + 11*m + 84 = 0. Let y be (-57)/m - 4/14. Let h be 10 + (-2 + y)/(-5). Calculate the highest common divisor of 11 and h.
11
Let v(k) = -k**3 + 11*k**2 + 6. Let i be -6 + 10/5 - -15. Let c be v(i). Calculate the greatest common divisor of c and 15.
3
Let j(f) = -2*f**2 + f + 7. Let d be j(3). Let s(o) = -o**3 - 8*o**2 - 9*o - 5. Let t be s(d). Let y = t - 37. Calculate the greatest common factor of 10 and y.
10
Let g(z) = 2*z**3 + 18*z**2 + 10. Let p = -88 + 79. Let f be g(p). What is the greatest common factor of f and 110?
10
Let u(o) = o**3 + 25*o**2 + 49*o - 6. Let m be u(-22). What is the greatest common divisor of 460 and m?
92
Suppose 0 = -c - 6*r + 3*r - 40, 174 = -5*c - 2*r. Let d = c - -9. Let g be 6/10 - 235/d. What is the highest common factor of 25 and g?
5
Let g(h) = h**2 - 7*h + 3. Let n be g(6). Suppose t = -3*t - 132. Let f be (n*t/9)/1. Calculate the greatest common factor of f and 88.
11
Let v = 344 - 332. Calculate the greatest common divisor of 1668 and v.
12
Let a be 5/(2/6*3). Suppose 0 = -4*f - 3*z - 5 + 37, a*z = -f - 9. Suppose -729 = f*t - 14*t. What is the highest common factor of 27 and t?
27
Suppose q + 3 + 2 = 3*j, -5*j = -4*q + 1. Suppose 0*x - 3*x - 178 = -5*l, j*l = x + 110. What is the highest common divisor of 152 and l?
38
Let w be (((-50)/(-15))/(-5))/(2/(-108)). Calculate the highest common divisor of 72 and w.
36
Let u(h) = 15*h - 15. Let y be u(5). Suppose -72 - y = -4*c. Calculate the highest common divisor of c and 3.
3
Let w(r) = r**3 + r**2 - 5*r - 1. Let i be w(-2). Calculate the greatest common factor of 5 and i.
5
Let f(l) = -103*l + 104. Let i be f(-1). Calculate the highest common divisor of 18 and i.
9
Let f(x) = x**3 + 6*x**2 - 5*x - 4. Let w be f(-6). Let z be (2*-31)/(3 + -1). Let s = z - -96. Calculate the highest common factor of s and w.
13
Let z(b) = b. Let i(x) = -x**2 - 7*x - 19. Let o(j) = i(j) - 5*z(j). Let l be o(-8). What is the highest common factor of l and 39?
13
Suppose -5*n + 142 = x - 33, -5*n + 4*x = -175. Suppose 0 = 1420*t - 1421*t + 14. What is the greatest common factor of t and n?
7
Let f(k) = -k + 16. Suppose -2*j - 22 = -4*n - 0*j, n = -4*j + 19. Let m be f(n). Let w be 8/28 - 19/(-7). Calculate the greatest common divisor of w and m.
3
Suppose 0 = -52*s + 66*s - 756. Let l be 270*((-6)/(-4))/3. What is the greatest common factor of s and l?
27
Let r = 1095 + -999. What is the greatest common factor of r and 1024?
32
Suppose 3*g + 4*s - 3 = s, s - 2 = -2*g. Suppose -z = -24 + g. Suppose 0 = -a, 4*i = -i + a + 115. Calculate the greatest common divisor of i and z.
23
Let g be (-25 - 3)*(-6)/8. Let l be 3/(-2) - (-225)/10. What is the highest common divisor of l and g?
21
Suppose -u + 1 - 68 = -s, -63 = -s + 3*u. Calculate the greatest common divisor of s and 2001.
69
Let p(k) = 2*k**2 + 3*k + 4. Let z(c) = 2*c - 4. Let d be z(4). Let y be p(d). Let x be 1/4 - (-612)/y. What is the highest common divisor of 13 and x?
13
Suppose p = v - 0*p - 692, p = -5*v + 3484. Suppose 10*q = 6*q + v. Let g = -94 + q. What is the highest common factor of 16 and g?
16
Let p be -5 - (1 - (1277 + 7)). What is the highest common factor of p and 18?
18
Suppose -5 = -2*l + 11. Let u be (-562)/(-12) - l/(-48). Suppose -4*b = -h - 3*h - 236, -b = -4*h - u. What is the greatest common divisor of 42 and b?
21
Let c = 18 + -14. Suppose c*l = 34 + 2. Calculate the greatest common factor of l and 3.
3
Suppose 0 = c - t, 35 = 2*c + t + 4*t. Let g = 31 - 29. Let q be (g/(-4))/((-2)/4). What is the highest common factor of q and c?
1
Let f be 1*(-46)/(-8) - (-1)/4. Suppose -62 = -q + 10. Suppose 0 = 3*t + t - q. What is the highest common factor of f and t?
6
Let w = -52 - -27. Let b = 26 + w. What is the greatest common factor of b and 4?
1
Suppose -39*c + 1017 = -972. What is the greatest common divisor of c and 544?
17
Let b(l) = 2*l**2 + 26*l + 111. Let f be b(-6). Calculate the greatest common divisor of f and 6.
3
Suppose j = -4*j + 95. Suppose -3*t = -t - 5*n + j, -t = -4*n + 14. Let c be t*51/(-6) - -1. What is the greatest common divisor of 45 and c?
9
Let g(j) = j**3 + 12*j**2 + j - 7. Let h be g(-7). Calculate the greatest common divisor of h and 63.
21
Let a be (-1)/(-2) - 582/(-4). Let o = a + -66. Suppose -3*b = -5*w + 47, b + 38 = 4*w - b. What is the greatest common divisor of o and w?
10
Let u be ((-2)/(-4))/((-54)/(-7452)). What is the greatest common divisor of u and 23?
23
Suppose 60 = -9*s + 14*s. Let l = s - 11. Let r be -2 + 1 - l - -82. Calculate the highest common factor of 10 and r.
10
Let b(r) = r**2 - 2*r - 576. Let w be b(27). Calculate the highest common divisor of w and 176.
11
Let a = 16 - 13. Suppose -a*j + 12 + 6 = 0. Let r be 99/2 - 3/j. Calculate the highest common factor of r and 7.
7
Let z(x) = -14*x - 36. Let g be z(9). Suppose 0 = j + 53 + 59. Let q = j - g. Calculate the greatest common divisor of 75 and q.
25
Let k be (1112/(-8) - -4)*(-5 + 2). Calculate the greatest common factor of k and 81.
81
Suppose n - 72 = 4*n. Let g be 4/(-1 - 0)*(23 + n). What is the greatest common divisor of g and 108?
4
Suppose 2*z - 29 - 1 = 0. Suppose 9*u = -12 + 57. Suppose -45 = -5*v + u*f, -5*f - 25 = -v - 0*f. Calculate the greatest common divisor of v and z.
5
Suppose 2*c + 57 = -5*r - 189, 3*c - 135 = 3*r. Let w be (r/(-30))/(2/15). Suppose -6*j = -4*j - 216. Calculate the highest common factor of w and j.
12
Let p = 194 + -129. Let s be 4/((-33)/(7722/(-72))). What is the highest common factor of p and s?
13
Let j(d) = -d**2 - 13*d + 10. Let g be j(-15). Let c be 47/7 + (g/14)/(-5). What is the greatest common factor of c and 21?
7
Let c(m) = 2*m**2 - 5*m + 12. Let y be c(3). Let g be ((-18)/15)/((-39)/(-45) - 1). What is the highest common divisor of g and y?
3
Let p = 41 + 95. Suppose -g - 42 = -76. Calculate the highest common divisor of p and g.
34
Let t(v) be the third derivative of -v**4/12 + 9*v**3/2 + 8*v**2. Suppose 3*o = -0*o. Let f be t(o). What is the highest common divisor of f and 3?
3
Let d = -336 + 421. Calculate the greatest common factor of 20 and d.
5
Let d(z) = -z**3 - z**2 + z + 21. Let r be d(0). What is the highest common factor of 3 and r?
3
Let r = -260 - -270. Calculate the greatest common factor of 5 and r.
5
Suppose -4*d = -20, 2*t + 20*d - 22*d = 150. What is the highest common factor of t and 100?
20
Suppose z = 109 - 29. Suppose -8*k - z = -10*k. What is the highest common divisor of 8 and k?
8
Let l(t) = 18*t**2 + 36*t - 70. Let i be l(2). Calculate the highest common factor of 629 and i.
37
Let h = -144 + -237. Let q = h - -797. Calculate the highest common factor of 52 and q.
52
Let b be (-3 + -2 + 61)*(-228)/(-266). What is the highest common factor of b and 234?
6
Let p = -12 + 9. Let f be 1*-3 + p + 146. Let y(g) = g**2 - 12*g + 15. Let a be y(13). Calculate the highest common divisor of a and f.
28
Let y = 665 + -569. Calculate the greatest common divisor of 240 and y.
48
Let h(z) = -z**3 - 13*z**2 - 13*z - 9. Let q be h(-12). Let j be 2/q + 49/21. Suppose 5*n = 24 + 111. Calculate the highest common divisor of j and n.
3
Let t = 91 - 71. Let h(g) = -g**2 - 4*g - 1. Let u be h(-3). Let n be (8/t)/(u/70). What is the highest common factor of 14 and n?
14
Suppose -16 = f - 5*c - 69, 5*c - 31 = -2*f. Let w(o) = 29*o**2 - 1. Let q be w(-1). What is the greatest common divisor of f and q?
28
Let i be -2*(((-9)/2)/9 - 1). Calculate the greatest common factor of i and 48.
3
Let t = 358 - -173. What is the greatest common factor of t and 118?
59
Let o(j